{"id":31,"date":"2023-01-25T12:26:04","date_gmt":"2023-01-25T12:26:04","guid":{"rendered":"https:\/\/ciclonatural.cl\/?post_type=product&#038;p=31"},"modified":"2023-01-25T14:31:04","modified_gmt":"2023-01-25T14:31:04","slug":"piedra-caliza-burdeo","status":"publish","type":"product","link":"https:\/\/ciclonatural.cl\/index.php\/producto\/piedra-caliza-burdeo\/","title":{"rendered":"Piedra Caliza Burdeo"},"content":{"rendered":"<h3>Caracter\u00edsticas<\/h3>\n<p><strong>Granulometr\u00eda:<\/strong> 3 a 6 cms. aproximadamente<br \/>\n<strong>Formato de venta:<\/strong> 20 kilos<\/p>\n<p><strong>Usos<\/strong><br \/>\nDecoraci\u00f3n de jardineras, maceteros grandes, espacios con alto tr\u00e1fico peatonal y estacionamientos. 20 kilos cubren aprox. 0,35 m2.<\/p>\n<p>&nbsp;<\/p>\n","protected":false},"excerpt":{"rendered":"<p>Caracter\u00edsticas Granulometr\u00eda: 3 a 6 cms. aproximadamente Formato de venta: 20 kilos Usos Decoraci\u00f3n de jardineras, maceteros grandes, espacios con alto tr\u00e1fico peatonal y estacionamientos. 20<span class=\"excerpt-hellip\"> [?]<\/span><\/p>\n","protected":false},"featured_media":32,"comment_status":"open","ping_status":"closed","template":"","meta":{"content-type":""},"product_cat":[16],"product_tag":[],"class_list":["post-31","product","type-product","status-publish","has-post-thumbnail","hentry","product_cat-sin-categorizar"],"_links":{"self":[{"href":"https:\/\/ciclonatural.cl\/index.php\/wp-json\/wp\/v2\/product\/31","targetHints":{"allow":["GET"]}}],"collection":[{"href":"https:\/\/ciclonatural.cl\/index.php\/wp-json\/wp\/v2\/product"}],"about":[{"href":"https:\/\/ciclonatural.cl\/index.php\/wp-json\/wp\/v2\/types\/product"}],"replies":[{"embeddable":true,"href":"https:\/\/ciclonatural.cl\/index.php\/wp-json\/wp\/v2\/comments?post=31"}],"wp:featuredmedia":[{"embeddable":true,"href":"https:\/\/ciclonatural.cl\/index.php\/wp-json\/wp\/v2\/media\/32"}],"wp:attachment":[{"href":"https:\/\/ciclonatural.cl\/index.php\/wp-json\/wp\/v2\/media?parent=31"}],"wp:term":[{"taxonomy":"product_cat","embeddable":true,"href":"https:\/\/ciclonatural.cl\/index.php\/wp-json\/wp\/v2\/product_cat?post=31"},{"taxonomy":"product_tag","embeddable":true,"href":"https:\/\/ciclonatural.cl\/index.php\/wp-json\/wp\/v2\/product_tag?post=31"}],"curies":[{"name":"wp","href":"https:\/\/api.w.org\/{rel}","templated":true}]}}