{"id":7,"date":"2023-01-25T01:49:23","date_gmt":"2023-01-25T01:49:23","guid":{"rendered":"https:\/\/ciclonatural.cl\/?page_id=7"},"modified":"2023-01-29T15:25:02","modified_gmt":"2023-01-29T15:25:02","slug":"inicio","status":"publish","type":"page","link":"https:\/\/ciclonatural.cl\/","title":{"rendered":"Inicio"},"content":{"rendered":"<p>[vc_row full_width=\u00bbstretch_row_content\u00bb equal_height=\u00bbyes\u00bb content_placement=\u00bbtop\u00bb parallax=\u00bbcontent-moving\u00bb css=\u00bb.vc_custom_1674615711019{border-radius: 1px !important;}\u00bb][vc_column width=\u00bb1\/2&#8243; css=\u00bb.vc_custom_1674615225503{background-color: #89b43f !important;}\u00bb][vc_column_text]<\/p>\n<h1 style=\"text-align: center;\"><span style=\"color: #ffffff;\">Nosotros<\/span><\/h1>\n<p><span style=\"color: #ffffff;\">Ciclo Natural es una empresa enfocada en la venta de insumos y productos para el jard\u00edn y paisajismo en general.<\/span><\/p>\n<p><span style=\"color: #ffffff;\"><strong><span style=\"color: #000000;\">Nuestra misi\u00f3n<\/span><br \/>\n<\/strong><\/span><span style=\"color: #ffffff;\">Promover, motivar e incentivar en nuestros clientes la creaci\u00f3n de sus propios espacios felices, sean estos jardines o huertas, ofreciendo una amplia variedad de productos y seleccionados manualmente que garanticen su calidad.<\/span><\/p>\n<p><span style=\"color: #ffffff;\"><strong><span style=\"color: #000000;\">Nuestra visi\u00f3n<\/span><br \/>\n<\/strong>Queremos ser los promotores, a trav\u00e9s de nuestros productos, que cada hogar tenga un espacio feliz.<\/span>[\/vc_column_text][\/vc_column][vc_column width=\u00bb1\/2&#8243; css=\u00bb.vc_custom_1674615253325{background-color: #6bbaea !important;}\u00bb][vc_column_text]<\/p>\n<h1 style=\"text-align: center;\">Venta de insumos y productos para tu jard\u00edn.<\/h1>\n<p>\u201cUn jard\u00edn nos aporta beneficios an\u00edmicos y f\u00edsicos. En Dinamarca, el pa\u00eds m\u00e1s feliz del mundo, los daneses usan un concepto denominado Hygge (se pronuncia Juga) que significa \u201clo acogedor\u201d, es decir, son momentos, elementos o ambientes que te hacen sentir tranquilo, feliz y seguro. Aplica esta filosof\u00eda en el dise\u00f1o, creaci\u00f3n y desarrollo de tu jard\u00edn. Que de ahora en adelante tu jard\u00edn sea Hygge\u2026\u2026<strong>\u00a1\u00a1manos a la obra\u00a1\u00a1\u201d.<\/strong>[\/vc_column_text][\/vc_column][\/vc_row][vc_row full_width=\u00bbstretch_row_content\u00bb][vc_column]<div class=\"woocommerce columns-6 \">\n<div class=\"products_wrapper mfn-woo-products isotope_wrapper default-woo-loop lm_wrapper\">\n\t<ul class=\"products \">\n<li class=\"isotope-item align-center product type-product post-31 status-publish first instock product_cat-sin-categorizar has-post-thumbnail featured shipping-taxable purchasable product-type-simple\" >\n\n\t<div class=\"mfn-li-product-row mfn-li-product-row-image\"><div class=\"image_frame scale-with-grid product-loop-thumb\" ontouchstart=\"this.classList.toggle('hover');\"><div class=\"image_wrapper \"><a href=\"https:\/\/ciclonatural.cl\/index.php\/producto\/piedra-caliza-burdeo\/\" tabindex=\"-1\"><div class=\"mask\"><\/div><img loading=\"lazy\" decoding=\"async\" width=\"1179\" height=\"828\" src=\"https:\/\/ciclonatural.cl\/wp-content\/uploads\/2023\/01\/piedra-burdeo.webp\" class=\"image-primary scale-with-grid wp-post-image\" alt=\"\" srcset=\"https:\/\/ciclonatural.cl\/wp-content\/uploads\/2023\/01\/piedra-burdeo.webp 1179w, https:\/\/ciclonatural.cl\/wp-content\/uploads\/2023\/01\/piedra-burdeo-300x211.webp 300w, https:\/\/ciclonatural.cl\/wp-content\/uploads\/2023\/01\/piedra-burdeo-1024x719.webp 1024w, https:\/\/ciclonatural.cl\/wp-content\/uploads\/2023\/01\/piedra-burdeo-768x539.webp 768w, https:\/\/ciclonatural.cl\/wp-content\/uploads\/2023\/01\/piedra-burdeo-208x146.webp 208w, https:\/\/ciclonatural.cl\/wp-content\/uploads\/2023\/01\/piedra-burdeo-50x35.webp 50w, https:\/\/ciclonatural.cl\/wp-content\/uploads\/2023\/01\/piedra-burdeo-107x75.webp 107w, https:\/\/ciclonatural.cl\/wp-content\/uploads\/2023\/01\/piedra-burdeo-800x562.webp 800w\" sizes=\"auto, (max-width: 1179px) 100vw, 1179px\" \/><\/a><div class=\"image_links\"><a rel=\"nofollow\" tabindex=\"-1\" data-tooltip=\"Add to cart\" data-position=\"left\" href=\"?add-to-cart=31\" data-quantity=\"1\" data-product_id=\"31\" class=\"add_to_cart_button ajax_add_to_cart product_type_simple tooltip tooltip-txt\"><svg viewBox=\"0 0 26 26\"><defs><style>.path{fill:none;stroke:#333;stroke-miterlimit:10;stroke-width:1.5px;}<\/style><\/defs><polygon class=\"path\" points=\"20.4 20.4 5.6 20.4 6.83 10.53 19.17 10.53 20.4 20.4\"><\/polygon><path class=\"path\" d=\"M9.3,10.53V9.3a3.7,3.7,0,1,1,7.4,0v1.23\"><\/path><\/svg><\/a><a class=\"link tooltip tooltip-txt\" data-tooltip=\"View product\" data-position=\"left\" href=\"https:\/\/ciclonatural.cl\/index.php\/producto\/piedra-caliza-burdeo\/\"><svg viewBox=\"0 0 26 26\"><defs><style>.path{fill:none;stroke:#333;stroke-miterlimit:10;stroke-width:1.5px;}<\/style><\/defs><g><path d=\"M10.17,8.76l2.12-2.12a5,5,0,0,1,7.07,0h0a5,5,0,0,1,0,7.07l-2.12,2.12\" class=\"path\"\/><path d=\"M15.83,17.24l-2.12,2.12a5,5,0,0,1-7.07,0h0a5,5,0,0,1,0-7.07l2.12-2.12\" class=\"path\"\/><line x1=\"10.17\" y1=\"15.83\" x2=\"15.83\" y2=\"10.17\" class=\"path\"\/><\/g><\/svg><\/a><\/div><\/div><a href=\"https:\/\/ciclonatural.cl\/index.php\/producto\/piedra-caliza-burdeo\/\" tabindex=\"-1\"><span class=\"product-loading-icon added-cart\"><\/span><\/a><\/div><\/div>\n\t<div class=\"desc\">\n\n\t\t<h4><a href=\"https:\/\/ciclonatural.cl\/index.php\/producto\/piedra-caliza-burdeo\/\">Piedra Caliza Burdeo<\/a><\/h4>\n\t\t<div class=\"mfn-li-product-row mfn-li-product-row-button hide-button\"><\/div>\n\t<\/div>\n\n<\/li>\n<li class=\"isotope-item align-center product type-product post-29 status-publish instock product_cat-sin-categorizar has-post-thumbnail featured shipping-taxable purchasable product-type-simple\" >\n\n\t<div class=\"mfn-li-product-row mfn-li-product-row-image\"><div class=\"image_frame scale-with-grid product-loop-thumb\" ontouchstart=\"this.classList.toggle('hover');\"><div class=\"image_wrapper \"><a href=\"https:\/\/ciclonatural.cl\/index.php\/producto\/piedra-caliza-blanca\/\" tabindex=\"-1\"><div class=\"mask\"><\/div><img loading=\"lazy\" decoding=\"async\" width=\"2000\" height=\"1600\" src=\"https:\/\/ciclonatural.cl\/wp-content\/uploads\/2023\/01\/pieza-caliza-blanco.webp\" class=\"image-primary scale-with-grid wp-post-image\" alt=\"\" srcset=\"https:\/\/ciclonatural.cl\/wp-content\/uploads\/2023\/01\/pieza-caliza-blanco.webp 2000w, https:\/\/ciclonatural.cl\/wp-content\/uploads\/2023\/01\/pieza-caliza-blanco-300x240.webp 300w, https:\/\/ciclonatural.cl\/wp-content\/uploads\/2023\/01\/pieza-caliza-blanco-1024x819.webp 1024w, https:\/\/ciclonatural.cl\/wp-content\/uploads\/2023\/01\/pieza-caliza-blanco-768x614.webp 768w, https:\/\/ciclonatural.cl\/wp-content\/uploads\/2023\/01\/pieza-caliza-blanco-1536x1229.webp 1536w, https:\/\/ciclonatural.cl\/wp-content\/uploads\/2023\/01\/pieza-caliza-blanco-183x146.webp 183w, https:\/\/ciclonatural.cl\/wp-content\/uploads\/2023\/01\/pieza-caliza-blanco-50x40.webp 50w, https:\/\/ciclonatural.cl\/wp-content\/uploads\/2023\/01\/pieza-caliza-blanco-94x75.webp 94w, https:\/\/ciclonatural.cl\/wp-content\/uploads\/2023\/01\/pieza-caliza-blanco-800x640.webp 800w\" sizes=\"auto, (max-width: 2000px) 100vw, 2000px\" \/><\/a><div class=\"image_links\"><a rel=\"nofollow\" tabindex=\"-1\" data-tooltip=\"Add to cart\" data-position=\"left\" href=\"?add-to-cart=29\" data-quantity=\"1\" data-product_id=\"29\" class=\"add_to_cart_button ajax_add_to_cart product_type_simple tooltip tooltip-txt\"><svg viewBox=\"0 0 26 26\"><defs><style>.path{fill:none;stroke:#333;stroke-miterlimit:10;stroke-width:1.5px;}<\/style><\/defs><polygon class=\"path\" points=\"20.4 20.4 5.6 20.4 6.83 10.53 19.17 10.53 20.4 20.4\"><\/polygon><path class=\"path\" d=\"M9.3,10.53V9.3a3.7,3.7,0,1,1,7.4,0v1.23\"><\/path><\/svg><\/a><a class=\"link tooltip tooltip-txt\" data-tooltip=\"View product\" data-position=\"left\" href=\"https:\/\/ciclonatural.cl\/index.php\/producto\/piedra-caliza-blanca\/\"><svg viewBox=\"0 0 26 26\"><defs><style>.path{fill:none;stroke:#333;stroke-miterlimit:10;stroke-width:1.5px;}<\/style><\/defs><g><path d=\"M10.17,8.76l2.12-2.12a5,5,0,0,1,7.07,0h0a5,5,0,0,1,0,7.07l-2.12,2.12\" class=\"path\"\/><path d=\"M15.83,17.24l-2.12,2.12a5,5,0,0,1-7.07,0h0a5,5,0,0,1,0-7.07l2.12-2.12\" class=\"path\"\/><line x1=\"10.17\" y1=\"15.83\" x2=\"15.83\" y2=\"10.17\" class=\"path\"\/><\/g><\/svg><\/a><\/div><\/div><a href=\"https:\/\/ciclonatural.cl\/index.php\/producto\/piedra-caliza-blanca\/\" tabindex=\"-1\"><span class=\"product-loading-icon added-cart\"><\/span><\/a><\/div><\/div>\n\t<div class=\"desc\">\n\n\t\t<h4><a href=\"https:\/\/ciclonatural.cl\/index.php\/producto\/piedra-caliza-blanca\/\">Piedra Caliza Blanca<\/a><\/h4>\n\t\t<div class=\"mfn-li-product-row mfn-li-product-row-button hide-button\"><\/div>\n\t<\/div>\n\n<\/li>\n<li class=\"isotope-item align-center product type-product post-27 status-publish instock product_cat-piedras-ornamentales has-post-thumbnail featured shipping-taxable purchasable product-type-simple\" >\n\n\t<div class=\"mfn-li-product-row mfn-li-product-row-image\"><div class=\"image_frame scale-with-grid product-loop-thumb\" ontouchstart=\"this.classList.toggle('hover');\"><div class=\"image_wrapper \"><a href=\"https:\/\/ciclonatural.cl\/index.php\/producto\/piedras-calizas-amarilla\/\" tabindex=\"-1\"><div class=\"mask\"><\/div><img loading=\"lazy\" decoding=\"async\" width=\"640\" height=\"480\" src=\"https:\/\/ciclonatural.cl\/wp-content\/uploads\/2023\/01\/piedras-amarillas.jpg\" class=\"image-primary scale-with-grid wp-post-image\" alt=\"\" srcset=\"https:\/\/ciclonatural.cl\/wp-content\/uploads\/2023\/01\/piedras-amarillas.jpg 640w, https:\/\/ciclonatural.cl\/wp-content\/uploads\/2023\/01\/piedras-amarillas-300x225.jpg 300w, https:\/\/ciclonatural.cl\/wp-content\/uploads\/2023\/01\/piedras-amarillas-195x146.jpg 195w, https:\/\/ciclonatural.cl\/wp-content\/uploads\/2023\/01\/piedras-amarillas-50x38.jpg 50w, https:\/\/ciclonatural.cl\/wp-content\/uploads\/2023\/01\/piedras-amarillas-100x75.jpg 100w\" sizes=\"auto, (max-width: 640px) 100vw, 640px\" \/><\/a><div class=\"image_links\"><a rel=\"nofollow\" tabindex=\"-1\" data-tooltip=\"Add to cart\" data-position=\"left\" href=\"?add-to-cart=27\" data-quantity=\"1\" data-product_id=\"27\" class=\"add_to_cart_button ajax_add_to_cart product_type_simple tooltip tooltip-txt\"><svg viewBox=\"0 0 26 26\"><defs><style>.path{fill:none;stroke:#333;stroke-miterlimit:10;stroke-width:1.5px;}<\/style><\/defs><polygon class=\"path\" points=\"20.4 20.4 5.6 20.4 6.83 10.53 19.17 10.53 20.4 20.4\"><\/polygon><path class=\"path\" d=\"M9.3,10.53V9.3a3.7,3.7,0,1,1,7.4,0v1.23\"><\/path><\/svg><\/a><a class=\"link tooltip tooltip-txt\" data-tooltip=\"View product\" data-position=\"left\" href=\"https:\/\/ciclonatural.cl\/index.php\/producto\/piedras-calizas-amarilla\/\"><svg viewBox=\"0 0 26 26\"><defs><style>.path{fill:none;stroke:#333;stroke-miterlimit:10;stroke-width:1.5px;}<\/style><\/defs><g><path d=\"M10.17,8.76l2.12-2.12a5,5,0,0,1,7.07,0h0a5,5,0,0,1,0,7.07l-2.12,2.12\" class=\"path\"\/><path d=\"M15.83,17.24l-2.12,2.12a5,5,0,0,1-7.07,0h0a5,5,0,0,1,0-7.07l2.12-2.12\" class=\"path\"\/><line x1=\"10.17\" y1=\"15.83\" x2=\"15.83\" y2=\"10.17\" class=\"path\"\/><\/g><\/svg><\/a><\/div><\/div><a href=\"https:\/\/ciclonatural.cl\/index.php\/producto\/piedras-calizas-amarilla\/\" tabindex=\"-1\"><span class=\"product-loading-icon added-cart\"><\/span><\/a><\/div><\/div>\n\t<div class=\"desc\">\n\n\t\t<h4><a href=\"https:\/\/ciclonatural.cl\/index.php\/producto\/piedras-calizas-amarilla\/\">Piedras calizas Amarilla<\/a><\/h4>\n\t\t<div class=\"mfn-li-product-row mfn-li-product-row-button hide-button\"><\/div>\n\t<\/div>\n\n<\/li>\n\n\t<\/ul>\n<\/div><\/div>[\/vc_column][\/vc_row][vc_row full_width=\u00bbstretch_row_content\u00bb][vc_column][\/vc_column][\/vc_row][vc_row full_width=\u00bbstretch_row\u00bb equal_height=\u00bbyes\u00bb css=\u00bb.vc_custom_1674616196272{background-color: #646464 !important;}\u00bb][vc_column width=\u00bb1\/2&#8243;][vc_column_text]<\/p>\n<h3><span style=\"color: #ffffff;\"><strong>Formulario de contacto<\/strong><\/span><\/h3>\n<p>[\/vc_column_text][vc_raw_html]JTVCY29udGFjdC1mb3JtLTclMjBpZCUzRCUyMjklMjIlMjB0aXRsZSUzRCUyMkNvbnRhY3QlMjBmb3JtJTIwMSUyMiU1RA==[\/vc_raw_html][\/vc_column][vc_column width=\u00bb1\/2&#8243;][vc_column_text]<\/p>\n<h3><span style=\"color: #ffffff;\"><strong>Informaci\u00f3n de contacto<\/strong><\/span><\/h3>\n<p><span style=\"color: #ffffff;\"><strong>Telefono:<\/strong> +56 9 9767 0350<br \/>\n<\/span><span style=\"color: #ffffff;\"><strong>E-mail:<\/strong> contacto@ciclonatural.cl<\/span>[\/vc_column_text][vc_gmaps link=\u00bb#E-8_JTNDaWZyYW1lJTIwc3JjJTNEJTIyaHR0cHMlM0ElMkYlMkZ3d3cuZ29vZ2xlLmNvbSUyRm1hcHMlMkZlbWJlZCUzRnBiJTNEJTIxMW0xOCUyMTFtMTIlMjExbTMlMjExZDMzMjMuOTIyNjEzMjc4MDkyNyUyMTJkLTcwLjY4MzU1OTA4NDk3NjgyJTIxM2QtMzMuNTgxMzU4NDgwNzM2NzIlMjEybTMlMjExZjAlMjEyZjAlMjEzZjAlMjEzbTIlMjExaTEwMjQlMjEyaTc2OCUyMTRmMTMuMSUyMTNtMyUyMTFtMiUyMTFzMHg5NjYyZDk2MmI0NTQ3OTc3JTI1M0EweDNmM2M3MmM4ODliNzMwYjYlMjEyc0RpZWdvJTI1MjBkZSUyNTIwU2V2aWxsYSUyNTIwMTMzNTUlMjUyQyUyNTIwODA1MDE1NyUyNTIwTWFpcG8lMjUyQyUyNTIwU2FuJTI1MjBCZXJuYXJkbyUyNTJDJTI1MjBSZWdpJTI1QzMlMjVCM24lMjUyME1ldHJvcG9saXRhbmElMjE1ZTAlMjEzbTIlMjExc2VzJTIxMnNjbCUyMTR2MTY3NDYxNjAxMzM5NiUyMTVtMiUyMTFzZXMlMjEyc2NsJTIyJTIwd2lkdGglM0QlMjI2MDAlMjIlMjBoZWlnaHQlM0QlMjIzNTAlMjIlMjBzdHlsZSUzRCUyMmJvcmRlciUzQTAlM0IlMjIlMjBhbGxvd2Z1bGxzY3JlZW4lM0QlMjIlMjIlMjBsb2FkaW5nJTNEJTIybGF6eSUyMiUyMHJlZmVycmVycG9saWN5JTNEJTIybm8tcmVmZXJyZXItd2hlbi1kb3duZ3JhZGUlMjIlM0UlM0MlMkZpZnJhbWUlM0U=\u00bb][\/vc_column][\/vc_row]<\/p>\n","protected":false},"excerpt":{"rendered":"<p>[vc_row full_width=\u00bbstretch_row_content\u00bb equal_height=\u00bbyes\u00bb content_placement=\u00bbtop\u00bb parallax=\u00bbcontent-moving\u00bb css=\u00bb.vc_custom_1674615711019{border-radius: 1px !important;}\u00bb][vc_column width=\u00bb1\/2&#8243; css=\u00bb.vc_custom_1674615225503{background-color: #89b43f !important;}\u00bb][vc_column_text] Nosotros Ciclo Natural es una empresa enfocada en la venta de insumos y productos<span class=\"excerpt-hellip\"> [?]<\/span><\/p>\n","protected":false},"author":1,"featured_media":0,"parent":0,"menu_order":0,"comment_status":"closed","ping_status":"closed","template":"","meta":{"content-type":"","footnotes":""},"class_list":["post-7","page","type-page","status-publish","hentry"],"_links":{"self":[{"href":"https:\/\/ciclonatural.cl\/index.php\/wp-json\/wp\/v2\/pages\/7","targetHints":{"allow":["GET"]}}],"collection":[{"href":"https:\/\/ciclonatural.cl\/index.php\/wp-json\/wp\/v2\/pages"}],"about":[{"href":"https:\/\/ciclonatural.cl\/index.php\/wp-json\/wp\/v2\/types\/page"}],"author":[{"embeddable":true,"href":"https:\/\/ciclonatural.cl\/index.php\/wp-json\/wp\/v2\/users\/1"}],"replies":[{"embeddable":true,"href":"https:\/\/ciclonatural.cl\/index.php\/wp-json\/wp\/v2\/comments?post=7"}],"version-history":[{"count":6,"href":"https:\/\/ciclonatural.cl\/index.php\/wp-json\/wp\/v2\/pages\/7\/revisions"}],"predecessor-version":[{"id":42,"href":"https:\/\/ciclonatural.cl\/index.php\/wp-json\/wp\/v2\/pages\/7\/revisions\/42"}],"wp:attachment":[{"href":"https:\/\/ciclonatural.cl\/index.php\/wp-json\/wp\/v2\/media?parent=7"}],"curies":[{"name":"wp","href":"https:\/\/api.w.org\/{rel}","templated":true}]}}